1. List the prime factors of p(x).
11
Let g be (72/(-8))/(0 + 1). Let k = -5 - g. Suppose -63 = k*b - 7*b. List the prime factors of b.
3, 7
Suppose 2*a + 7 = 2*b - 19, -13 = -b - 4*a. Suppose -2*g - b = 3*u, 4 + 11 = -3*u. List the prime factors of g + 1 - -6 - -2.
2, 5
Suppose 4*t - t - 15 = 0. Suppose 0*s + t*s = 30. List the prime factors of s.
2, 3
Suppose -18 = -2*f + 44. List the prime factors of f.
31
Let i be 4*3 - (-1 + 0). Let d = i - 4. What are the prime factors of d?
3
Suppose -2*b = 4*v + b - 3, -2*b + 2 = 0. Suppose 3*j = -v*j + 24. Suppose 3*k - 33 = 5*c, 0 = j*c - 3*c + 15. What are the prime factors of k?
2, 3
Let s be -6 + 5 - (1 + -8). Suppose s*t = t + 65. List the prime factors of t.
13
Let h(c) = 1 - 2*c**2 - 2 + 2*c + 3. Let o be h(2). List the prime factors of o/(-8) - (-54)/8.
7
Let y = 7 - -19. Let w = y - 13. What are the prime factors of w?
13
Let w(g) = -36*g - 1. Let y be w(1). Let h = y - -72. What are the prime factors of h?
5, 7
Let j(y) = -3*y - 13. What are the prime factors of j(-5)?
2
Let q(u) = 2*u. Let b be q(-1). List the prime factors of 2/((b/2)/(-7)).
2, 7
Let t(g) = -3*g + 4. Let c be t(5). Let v = c - -25. List the prime factors of v.
2, 7
Let a(x) = -x**3 + 12*x**2 - 13*x + 14. Let m be a(10). Let d = 10 + 25. Suppose -5*f = -f - 2*z - m, -3*z = f - d. List the prime factors of f.
23
Let f = 38 + 59. What are the prime factors of f?
97
Let a(t) be the second derivative of -t**5/4 + t**3/6 + t. Suppose -3*h + 9 = 4*w, -3*h - 3*w - 2 = -8. List the prime factors of a(h).
2
Let s = -14 + -3. Let v = -5 - s. List the prime factors of v.
2, 3
Let j(k) = 135*k**2 - k. What are the prime factors of j(1)?
2, 67
Suppose -160 - 119 = -a. What are the prime factors of a?
3, 31
Let z = -12 - -39. Let g = 6 - 21. Let x = g + z. What are the prime factors of x?
2, 3
Let n(w) = -w - 2. Let r be n(-4). Let g(p) = 2*p - p + 2*p - 8 - p**3 - p + 6*p**r. What are the prime factors of g(6)?
2
Let g(c) = c**2 + 5*c + 1. Let o be g(-4). Let k = o - -7. What are the prime factors of k?
2
Suppose 6*p = 2*p + 8, -16 = -5*y - 3*p. Suppose y*b = 28 - 10. What are the prime factors of b?
3
Suppose -4*o + 480 = -o + 3*j, -2*o = -3*j - 295. What are the prime factors of o?
5, 31
Suppose -6*m + 5*m - 3*y - 8 = 0, -4*m = -3*y - 43. Let l = -2 + m. What are the prime factors of l?
5
Let y = -3 + 63. What are the prime factors of y?
2, 3, 5
Let t(f) = f + 42. What are the prime factors of t(0)?
2, 3, 7
Suppose 5*r + 95 = 365. List the prime factors of r.
2, 3
Let t = 33 + 0. List the prime factors of t.
3, 11
Suppose -5*t + 2*t = 0. Suppose 3*k - 5 = 7. Suppose x + 3*x = f + 29, -x - 3*f + k = t. What are the prime factors of x?
7
Let v(a) = -2*a**3 - 2*a**2 + 3*a + 3. Let d be v(-2). Suppose -d*p = -12 - 13. What are the prime factors of p?
5
Let h be (-36)/(-7) + 7/(-49). Suppose 10 = -0*s + h*s. List the prime factors of s.
2
Let c(b) = b**3 - 8*b**2 - 6*b - 14. Let n be c(10). Suppose 2*a - n = -a. Suppose -2 = -2*r + a. What are the prime factors of r?
2, 11
Suppose 4*y = 62 + 26. List the prime factors of y.
2, 11
Let b(q) = -58*q + 1. What are the prime factors of b(-2)?
3, 13
Let u(q) = -2*q + 3. List the prime factors of u(-9).
3, 7
Let x(u) = -u**3 - u**2 + 2*u - 5. Let g be x(-4). Let t be 10/g - (-40)/7. Suppose 0 = -t*p + 3*p + 27. What are the prime factors of p?
3
Let u(j) = -j - 1. Suppose 5*m + 9 = 3*k, -4*k = m - 6*m - 7. Let y be u(m). Suppose -3*s - z + y = -2*s, -s + 10 = -3*z. What are the prime factors of s?
2
Suppose 1 = -i - 2, g + 6 = -2*i. Suppose -f = 5*p + f - 28, g = -p + 5*f + 11. Suppose -t + 2*l + 8 = -3, -p = 3*l. List the prime factors of t.
7
Let y be (-1 - -7) + (-12)/6. Suppose n = y*u + 4*n - 99, 3*u - 93 = 4*n. What are the prime factors of u?
3
Let f be -17*2 + (-13 - -13). Let z = -14 - f. What are the prime factors of z?
2, 5
Let a(x) = -x - 7. Let d be a(-10). List the prime factors of d + -1 + 0 - -2.
2
Let p(h) = h**3 + 9*h**2 - 6*h + 17. Let i(l) = -3*l**3 - 19*l**2 + 13*l - 35. Let g(a) = 2*i(a) + 5*p(a). List the prime factors of g(6).
3
Let l(g) = 2*g**2 + 2*g - 1. Let x be l(-2). Suppose 62 + 2 = 4*z. Suppose y - 3 = 4*b - 20, 5*b - z = x*y. What are the prime factors of b?
5
Let p be 2/(3*2/15). Suppose -3*j + 35 = p*z - 49, 12 = 4*z. What are the prime factors of j?
23
Suppose -2*m + m + 10 = 0. Suppose 0 = 2*c + m, 2*o + 5*c = 3*o - 22. List the prime factors of 13 - o/(-6)*0.
13
Suppose 3*q - 183 = 300. List the prime factors of q.
7, 23
Suppose 0 = j + 3, -5*i - 18 = -2*i + 5*j. Let c(g) = -7*g**3 - g**2 + g + 1. What are the prime factors of c(i)?
2, 3
Suppose 3*g + 83 = 2*o, 2*g + 2*g - 5*o = -113. Let i = 40 + g. What are the prime factors of i?
13
Let i = -19 - -56. List the prime factors of i.
37
Let o = 40 + -20. List the prime factors of o.
2, 5
Suppose -w + 2*w = 4. Suppose 0 = 3*l - 0 - 6. List the prime factors of 3/l - (-2)/w.
2
List the prime factors of ((-2034)/24 + -1)/(1/(-4)).
7
List the prime factors of (30/(-8))/((-1434)/(-240) + -6).
2, 3, 5
List the prime factors of ((-9)/(-15))/((-4)/(-20)) + 32.
5, 7
Let j be 5/2*(-18)/(-15). Suppose 0 = 2*w + j*w - 15. What are the prime factors of w?
3
Let t(f) = -f**3 + 9*f**2 - 7*f + 3. Let x = 29 - 21. What are the prime factors of t(x)?
11
Suppose 5*y - y + 148 = 5*w, 0 = 2*w + y - 67. What are the prime factors of w?
2
Let p be 40/18 - (-4)/(-18). Suppose -3*d + 4*d = 5*s - 99, -45 = -p*s - 5*d. List the prime factors of s.
2, 5
Let o(t) = 11*t**3 - 6*t**2 + 5*t + 13. Let l(g) = 5*g**3 - 3*g**2 + 2*g + 6. Let d(c) = -9*l(c) + 4*o(c). What are the prime factors of d(3)?
2
Suppose -k + 22 + 21 = 0. List the prime factors of k.
43
Suppose 0*v + v - 29 = -2*y, 4*v + 5*y - 113 = 0. List the prime factors of v.
3
Suppose 0 = -9*b + 5*b + 448. What are the prime factors of b?
2, 7
Suppose 5 = 2*h + 3*h. What are the prime factors of (-2 + h + 2)*12?
2, 3
Suppose -m = -4*m. Let p = m + 0. Suppose -2*k + 2*n = -6 - 8, p = 2*n. What are the prime factors of k?
7
Let l(g) be the first derivative of g**3/6 + 3*g**2/2 + g + 1. Let t(h) be the first derivative of l(h). List the prime factors of t(4).
7
Suppose 3*u + 113 = 632. What are the prime factors of u?
173
Let j be (-9)/(-3) + 0/1. Suppose -c + j*s + 6 = 0, c - 2*c = 2*s - 31. What are the prime factors of c?
3, 7
Let v(y) = 2*y**2 - 6*y + 5. Suppose 0 = a + 9 - 14. List the prime factors of v(a).
5
Let k be 1/(-2*(-1)/10). Suppose -188 = -4*a - 4*c, k*a - 4*c + 109 - 326 = 0. Suppose 0*d - 4*t = 2*d - 30, -2*t + a = 3*d. What are the prime factors of d?
3, 5
Let s(c) = -2*c**3 + c. Let w be s(1). Let l = w + -1. What are the prime factors of (1*l)/(-2) + 2?
3
Suppose -79 - 49 = -4*w. List the prime factors of w.
2
Let w(j) = 7*j**2 - 3. Let l be w(-3). Suppose -5*h + m + 120 = -4*m, -5*m = 4*h - l. List the prime factors of h.
2, 5
Let z(o) = -37*o. Let b be z(-1). List the prime factors of -2 + b + (-4 - -2).
3, 11
Let i(p) = 3*p - 2. Let x be i(4). Let u be x*(15/6 - 2). Suppose -5*r + 8 = 3*b, -2*b = r - 1 + u. What are the prime factors of r?
2
Suppose -2*z = -7*z + 4*a + 1255, 5*z - 1240 = a. What are the prime factors of z?
13, 19
Suppose -146 = -5*v + i, 3*v + i + 88 = 6*v. List the prime factors of v.
29
Suppose -3*q - 3*u - 762 = -6*q, 4*u - 769 = -3*q. List the prime factors of q.
3, 5, 17
Let c(j) = -j**2 + 14*j - 31. List the prime factors of c(6).
17
Suppose -31*a + 18*a + 3081 = 0. What are the prime factors of a?
3, 79
Let z(y) = 4*y**2 - 17*y - 12. List the prime factors of z(10).
2, 109
Let d = 3 + 0. Let c = -3 - d. Let f = c + 16. What are the prime factors of f?
2, 5
Suppose 33 = 4*k - 23. Let i = k + -6. List the prime factors of i.
2
Let n = -9 - -14. Suppose -3*x - 10 = n. List the prime factors of x/5 - 16/(-2).
7
Let a = 586 - 340. What are the prime factors of a?
2, 3, 41
Suppose 16 = -2*a + 2*i, 4*a + 12 = 3*i - 15. Let l(d) = d**3 + 3*d**2 + d + 3. Let m be l(a). Suppose 0 = -m*q + 2*q - 16. List the prime factors of q.
2
Let m = 13 + -21. Let j = m + 15. List the prime factors of j.
7
List the prime factors of ((-4)/16)/((-1)/52).
13
Suppose 0 = i - 7*y + 4*y - 122, 4*i = -y + 553. List the prime factors of i.
137
Let m(q) = 2*q**2 + 8